a prime number?
False
Is 98491 a composite number?
False
Is 58937 composite?
False
Is 11369 composite?
False
Is 177 composite?
True
Is 6835 a prime number?
False
Is 2602 a prime number?
False
Is 1563 a prime number?
False
Is 54247 composite?
True
Is 654683 composite?
True
Is 266261 a composite number?
False
Is 36433 prime?
True
Is 4441 prime?
True
Is 428951 a prime number?
True
Is 131 prime?
True
Is 79467 prime?
False
Is 16239307 prime?
False
Is 272659 composite?
False
Is 15253 prime?
False
Is 138679 a prime number?
True
Is 535231 a prime number?
False
Is 12251 a composite number?
False
Is 368273 a prime number?
True
Is 20395 prime?
False
Is 31469 a composite number?
False
Is 1556963 composite?
False
Is 28993 prime?
False
Is 136103 a prime number?
False
Is 8663 prime?
True
Is 25057 a composite number?
False
Is 9109 a prime number?
True
Is 101411 a composite number?
False
Is 16691 a prime number?
True
Is 5847 a composite number?
True
Is 198529 prime?
True
Is 138382 composite?
True
Is 10559 a composite number?
False
Is 35267 a prime number?
True
Is 1171 a prime number?
True
Is 4649 composite?
False
Is 8803 a prime number?
True
Is 16333 prime?
True
Is 1264897 composite?
False
Is 1261547 a prime number?
False
Is 1926841 a prime number?
False
Is 128417 prime?
False
Is 28429 composite?
False
Is 5557 composite?
False
Is 37217 composite?
False
Is 11083 a prime number?
True
Is 129907 composite?
True
Is 505 a prime number?
False
Is 508505 a prime number?
False
Is 91651 composite?
True
Is 23243 composite?
True
Is 355811 prime?
True
Is 28415 prime?
False
Is 2945123 composite?
False
Is 220067 prime?
False
Is 57871 composite?
True
Is 16769 composite?
True
Is 175909 a prime number?
True
Is 34601 prime?
False
Is 165187 composite?
True
Is 28958 composite?
True
Is 4201 prime?
True
Is 13499 a composite number?
False
Is 41279 a composite number?
True
Is 3669701 a prime number?
False
Is 18517 a prime number?
True
Is 19417 a prime number?
True
Is 5227 prime?
True
Is 41801 a prime number?
True
Is 72533 composite?
False
Is 69929 a composite number?
False
Is 54169 a prime number?
False
Is 48649 prime?
True
Is 11435 prime?
False
Is 219169 composite?
False
Is 2759 prime?
False
Is 11863 a composite number?
False
Is 521 a composite number?
False
Is 41773 composite?
True
Is 20159 prime?
False
Is 513889 a prime number?
False
Is 59441 a prime number?
True
Is 407233 prime?
True
Is 2317 a prime number?
False
Is 159899 a composite number?
False
Is 3341 a prime number?
False
Is 193279 prime?
False
Is 14435 composite?
True
Is 9347 a prime number?
False
Is 24403 a composite number?
True
Is 196747 a prime number?
False
Is 229331 a prime number?
False
Is 164267 a composite number?
False
Is 244913 composite?
True
Is 1736069 a prime number?
False
Is 78079 a composite number?
False
Is 440299 a composite number?
True
Is 2612287 prime?
True
Is 2732073 composite?
True
Is 224221 a prime number?
True
Is 38639 a prime number?
True
Is 285443 prime?
False
Is 989129 prime?
False
Is 4534 composite?
True
Is 316649 composite?
False
Is 10762289 composite?
False
Is 142513 composite?
True
Is 2393 composite?
False
Is 66319 a prime number?
False
Is 7057 composite?
False
Is 2691817 composite?
True
Is 105917 prime?
False
Is 987121 composite?
True
Is 91241 composite?
True
Is 257837 prime?
True
Is 5501 a prime number?
True
Is 27059 a composite number?
False
Is 270407 prime?
True
Is 2679697 a prime number?
True
Is 6132469 composite?
True
Is 42061 a composite number?
False
Is 253367 composite?
False
Is 5847 a prime number?
False
Is 211053 a prime number?
False
Is 2047 composite?
True
Is 72087 composite?
True
Is 73099 a prime number?
False
Is 6983 a composite number?
False
Is 72299 a composite number?
True
Is 1113065 a prime number?
False
Is 3489 prime?
False
Is 13093 a composite number?
False
Is 218447 a prime number?
True
Is 76031 composite?
False
Is 20035 a composite number?
True
Is 121637 a prime number?
True
Is 1477 a composite number?
True
Is 452671 prime?
True
Is 6469 a composite number?
False
Is 14995 a prime number?
False
Is 86311 prime?
True
Is 62147 prime?
False
Is 175333 composite?
False
Is 6143 prime?
True
Is 7831 a prime number?
False
Is 31693 a prime number?
False
Is 319193 a prime number?
False
Is 5297 a prime number?
True
Is 10529 a prime number?
True
Is 6497 a prime number?
False
Is 2503 prime?
True
Is 291419 prime?
True
Is 538703 composite?
True
Is 91283 a composite number?
False
Is 262007 a prime number?
True
Is 2999 a prime number?
True
Is 1901 prime?
True
Is 94121 a composite number?
False
Is 5794033 prime?
False
Is 379 prime?
True
Is 3833 composite?
False
Is 1167 a prime number?
False
Is 74377 composite?
False
Is 103451 a prime number?
True
Is 93281 composite?
False
Is 103171 a prime number?
True
Is 44049 a composite number?
True
Is 18053 composite?
True
Is 294589 composite?
True
Is 35023 prime?
True
Is 3163 prime?
True
Is 16843 a composite number?
False
Is 13649 composite?
False
Is 21059 a composite number?
False
Is 71367 a prime number?
False
Is 7091 a composite number?
True
Is 62459 a composite number?
False
Is 504121 a composite number?
False
Is 471 a composite number?
True
Is 107791 prime?
True
Is 72533 prime?
True
Is 3491 composite?
False
Is 457111 prime?
False
Is 16183 a prime number?
True
Is 989 prime?
False
Is 9073 composite?
True
Is 82079 composite?
True
Is 54751 a composite number?
False
Is 1333 a composite number?
True
Is 6499 composite?
True
Is 1110533 a prime number?
True
Is 19667 a prime number?
False
Is 127357 a prime number?
False
Is 322663 a composite number?
True
Is 5087 composite?
False
Is 6731 prime?
False
Is 89959 a prime number?
True
Is 43451 a composite number?
False
Is 142931 a composite number?
True
Is 60269 a prime number?
False
Is 2519 composite?
True
Is 1909 a composite number?
True
Is 86831 prime?
False
Is 9543 prime?
False
Is 147274 a composite number?
True
Is 28058 composite?
True
Is 1189109 a prime number?
True
Is 244997 composite?
False
Is 2183 prime?
False
Is 13033 composite?
False
Is 117037 composite?
False
Is 143211 composite?
True
Is 106993 a prime number?
True
Is 214783 a prime number?
True
Is 132603 a composite number?
True
Is 346966 a prime number?
False
Is 2519497 prime?
True
Is 14866 a composite number?
True
Is 4861 a prime number?
True
Is 13682 a prime number?
False
Is 2459 a prime number?
True
Is 66491 composite?
False
Is 703331 composite?
False
Is 65359 a composite number?
True
Is 446327 a prime number?
False
Is 8331 a composite number?
True
Is 39329 composite?
True
Is 8893 prime?
True
Is 653405 prime?
False
Is 1361 composite?
False
Is 38401 prime?
False
Is 214483 prime?
True
Is 320933 a prime number?
False
Is 122527 a prime number?
True
Is 37735 a composite number?
True
Is 1681061 a composite number?
False
Is 625057 composite?
False
Is 952535 a composite number?
True
Is 671773 composite?
True
Is 442619 prime?
True
Is 4951 a prime number?
True
Is 315139 a composite number?
True
Is 1411463 a composite number?
True
Is 24349 a prime number?
False
Is 2081 prime?
True
Is 5911 a prime number?
False
Is 83537 prime?
True
Is 20019 a prime number?
False
Is 38639 a composite number?
False
Is 253 composite?
True
Is 4054 prime?
False
Is 104369 a prime number?
True
Is 25031 a composite number?
False
Is 615821 a composite number?
False
Is 96493 composite?
False
Is 15601 a composite number?
False
Is 13093 composite?
False
Is 20663 prime?
True
Is 2705 a prime number?
False
Is 19831 composite?
True
Is 73493 prime?
False
Is 11027 prime?
True
Is 635 prime?
False
Is 3989 prime?
True
Is 35219 prime?
False
Is 20621 a prime number?
False
Is 3427 prime?
False
Is 146567 a composite number?
True
Is 2307 composite?
True
Is 95671 a composite number?
True
Is 585989 prime?
True
Is 321151 composite?
True
Is 3543 a composite number?
True
Is 23869 a prime number?
True
Is 31307 a composite number?
False
Is 41077 a composite number?
False
Is 17167 a prime number?
True
Is 12421 composite?
False
Is 9803 a prime number?
True
Is 2118203 composite?
True
Is 38953 composite?
False
Is 5749 a composite number?
False
Is 96179 a composite number?
False
Is 111577 a composite number?
False
Is 73291 a prime number?
True
Is 177179 a composite number?
True
Is 109447 a composite number?
T